{"id":955,"date":"2019-09-27T13:12:49","date_gmt":"2019-09-27T11:12:49","guid":{"rendered":"http:\/\/lesbiopaniersdemareil.org\/?page_id=955"},"modified":"2019-09-27T13:12:49","modified_gmt":"2019-09-27T11:12:49","slug":"la-charte-des-amap","status":"publish","type":"page","link":"https:\/\/lesbiopaniersdemareil.org\/index.php\/la-charte-des-amap\/","title":{"rendered":"La charte des AMAP"},"content":{"rendered":"\n<p>Fruit d\u2019une r\u00e9flexion \nparticipative inter-r\u00e9gionale, la Charte des AMAP&nbsp;a \u00e9t\u00e9 adopt\u00e9e \u00e0 \nl&#8217;unanimit\u00e9 lors de l&#8217;Assembl\u00e9e G\u00e9n\u00e9rale du MIRAMAP (Mouvement \ninter-r\u00e9gional des AMAP) les 15&amp;16 mars 2014.<\/p>\n\n\n\n<p><strong>T\u00e9l\u00e9chargez la version PDF en ligne sur le site du MIRAMAP, en cliquant : <\/strong><a href=\"http:\/\/miramap.org\/IMG\/pdf\/charte_des_amap_mars_2014-2.pdf\"><strong>ici<\/strong><\/a><strong>.<\/strong><\/p>\n\n\n\n<figure class=\"wp-block-image\"><a href=\"http:\/\/miramap.org\/IMG\/pdf\/charte_des_amap_mars_2014-2.pdf\"><img src=\"http:\/\/www.amap-idf.org\/images\/imagesFCK\/image\/2charte\/charte_p1_T3.jpg\" alt=\"\"\/><\/a><\/figure>\n\n\n\n<figure class=\"wp-block-embed-youtube wp-block-embed is-type-video is-provider-youtube wp-embed-aspect-16-9 wp-has-aspect-ratio\"><div class=\"wp-block-embed__wrapper\">\n<span class=\"embed-youtube\" style=\"text-align:center; display: block;\"><iframe loading=\"lazy\" class=\"youtube-player\" width=\"525\" height=\"296\" src=\"https:\/\/www.youtube.com\/embed\/fjYePD-ltes?version=3&#038;rel=1&#038;showsearch=0&#038;showinfo=1&#038;iv_load_policy=1&#038;fs=1&#038;hl=en-US&#038;autohide=2&#038;wmode=transparent\" allowfullscreen=\"true\" style=\"border:0;\" sandbox=\"allow-scripts allow-same-origin allow-popups allow-presentation\"><\/iframe><\/span>\n<\/div><\/figure>\n","protected":false},"excerpt":{"rendered":"<p>Fruit d\u2019une r\u00e9flexion participative inter-r\u00e9gionale, la Charte des AMAP&nbsp;a \u00e9t\u00e9 adopt\u00e9e \u00e0 l&#8217;unanimit\u00e9 lors de l&#8217;Assembl\u00e9e G\u00e9n\u00e9rale du MIRAMAP (Mouvement inter-r\u00e9gional des AMAP) les 15&amp;16 mars 2014. T\u00e9l\u00e9chargez la version PDF en ligne sur le site du MIRAMAP, en cliquant : ici.<\/p>\n","protected":false},"author":1,"featured_media":0,"parent":0,"menu_order":0,"comment_status":"closed","ping_status":"closed","template":"","meta":{"spay_email":""},"jetpack_sharing_enabled":true,"jetpack_shortlink":"https:\/\/wp.me\/Pai4cU-fp","_links":{"self":[{"href":"https:\/\/lesbiopaniersdemareil.org\/index.php\/wp-json\/wp\/v2\/pages\/955"}],"collection":[{"href":"https:\/\/lesbiopaniersdemareil.org\/index.php\/wp-json\/wp\/v2\/pages"}],"about":[{"href":"https:\/\/lesbiopaniersdemareil.org\/index.php\/wp-json\/wp\/v2\/types\/page"}],"author":[{"embeddable":true,"href":"https:\/\/lesbiopaniersdemareil.org\/index.php\/wp-json\/wp\/v2\/users\/1"}],"replies":[{"embeddable":true,"href":"https:\/\/lesbiopaniersdemareil.org\/index.php\/wp-json\/wp\/v2\/comments?post=955"}],"version-history":[{"count":1,"href":"https:\/\/lesbiopaniersdemareil.org\/index.php\/wp-json\/wp\/v2\/pages\/955\/revisions"}],"predecessor-version":[{"id":956,"href":"https:\/\/lesbiopaniersdemareil.org\/index.php\/wp-json\/wp\/v2\/pages\/955\/revisions\/956"}],"wp:attachment":[{"href":"https:\/\/lesbiopaniersdemareil.org\/index.php\/wp-json\/wp\/v2\/media?parent=955"}],"curies":[{"name":"wp","href":"https:\/\/api.w.org\/{rel}","templated":true}]}}

<p>Fruit d’une réflexion 
participative inter-régionale, la Charte des AMAP&nbsp;a été adoptée à 
l&#8217;unanimité lors de l&#8217;Assemblée Générale du MIRAMAP (Mouvement 
inter-régional des AMAP) les 15&amp;16 mars 2014.</p>



<p><strong>Téléchargez la version PDF en ligne sur le site du MIRAMAP, en cliquant : </strong><a href="http://miramap.org/IMG/pdf/charte_des_amap_mars_2014-2.pdf"><strong>ici</strong></a><strong>.</strong></p>



<figure class="wp-block-image"><a href="http://miramap.org/IMG/pdf/charte_des_amap_mars_2014-2.pdf"><img src="http://www.amap-idf.org/images/imagesFCK/image/2charte/charte_p1_T3.jpg" alt=""/></a></figure>



<figure class="wp-block-embed-youtube wp-block-embed is-type-video is-provider-youtube wp-embed-aspect-16-9 wp-has-aspect-ratio"><div class="wp-block-embed__wrapper">
<span class="embed-youtube" style="text-align:center; display: block;"><iframe loading="lazy" class="youtube-player" width="525" height="296" src="https://www.youtube.com/embed/fjYePD-ltes?version=3&#038;rel=1&#038;showsearch=0&#038;showinfo=1&#038;iv_load_policy=1&#038;fs=1&#038;hl=en-US&#038;autohide=2&#038;wmode=transparent" allowfullscreen="true" style="border:0;" sandbox="allow-scripts allow-same-origin allow-popups allow-presentation"></iframe></span>
</div></figure>

<p>Fruit d’une réflexion participative inter-régionale, la Charte des AMAP&nbsp;a été adoptée à l&#8217;unanimité lors de l&#8217;Assemblée Générale du MIRAMAP (Mouvement inter-régional des AMAP) les 15&amp;16 mars 2014. Téléchargez la version PDF en ligne sur le site du MIRAMAP, en cliquant : ici.</p>
