{"id":90,"date":"2018-03-12T21:19:06","date_gmt":"2018-03-12T20:19:06","guid":{"rendered":"http:\/\/lesbiopaniersdemareil.org\/?page_id=90"},"modified":"2019-05-22T18:14:22","modified_gmt":"2019-05-22T16:14:22","slug":"les-fruits-selon-la-saison","status":"publish","type":"page","link":"https:\/\/lesbiopaniersdemareil.org\/index.php\/produits\/les-fruits-selon-la-saison\/","title":{"rendered":"Les fruits (selon la saison)"},"content":{"rendered":"<p><strong>Contrats de fruits&nbsp;:<\/strong><\/p>\n<p>-Pommes et Poires de Octobre \u00e0 F\u00e9vrier environ<\/p>\n<p><img loading=\"lazy\" class=\"alignnone size-full wp-image-603\" src=\"http:\/\/lesbiopaniersdemareil.org\/wp-content\/uploads\/2019\/04\/f2.jpg\" alt=\"\" width=\"275\" height=\"183\"> <img loading=\"lazy\" class=\"alignnone size-medium wp-image-605\" src=\"http:\/\/lesbiopaniersdemareil.org\/wp-content\/uploads\/2019\/04\/f4-300x200.jpg\" alt=\"\" width=\"300\" height=\"200\" srcset=\"https:\/\/lesbiopaniersdemareil.org\/wp-content\/uploads\/2019\/04\/f4-300x200.jpg 300w, https:\/\/lesbiopaniersdemareil.org\/wp-content\/uploads\/2019\/04\/f4.jpg 440w\" sizes=\"(max-width: 300px) 100vw, 300px\" \/><\/p>\n<p>-Fruits rouges de Juin \u00e0 Juillet<\/p>\n<p><img loading=\"lazy\" class=\"alignnone size-full wp-image-604\" src=\"http:\/\/lesbiopaniersdemareil.org\/wp-content\/uploads\/2019\/04\/f3.jpg\" alt=\"\" width=\"200\" height=\"150\"><\/p>\n<p><strong>Maison Gaillard<\/strong><\/p>\n<p>Nous exer\u00e7ons le m\u00e9tier d\u2019arboriculteur depuis 1964. Notre exploitation est situ\u00e9e sur le plateau des Alluets-le-Roi dans le prolongement de la plaine de Versailles.&nbsp;<br>Nous mettons en valeur une vingtaine d\u2019hectares exclusivement destin\u00e9s aux productions fruiti\u00e8res traditionnelles de la r\u00e9gion&nbsp;: poires, pommes, framboises, fraises, cerises, prunes, etc.<br>Nos cultures sont certifi\u00e9es bio&nbsp;sauf les fraisiers cultiv\u00e9s en terreau (aucun pesticide n&#8217;est utilis\u00e9 dans leur itin\u00e9raire cultural). <br>Les terres limono-argileuses de ce terroir transmettent aux fruits une saveur authentique. La poire Doyenn\u00e9 du Comice en est un illustre exemple, sans parler du parfum des framboises&nbsp;!<\/p>\n<p><strong>Tutrice&nbsp;<\/strong>: <a href=\"mailto:dbfrancou@gmail.com\" target=\"_blank\" rel=\"noopener noreferrer\">Dominique Francou<\/a><\/p>\n<p>Les contrats sont propos\u00e9s en Septembre pour des pommes poires d\u2019Octobre \u00e0 f\u00e9vrier ou mars<\/p>\n<p>&nbsp;et en Mai pour les fruits rouges de juin \u00e0 Juillet.Les fruits sont d\u00e9licieux&nbsp;! N\u2019h\u00e9sitez pas quand viendra le moment,&nbsp; vous le regretteriez&nbsp;!<\/p>\n\n\n<p><a rel=\"noreferrer noopener\" aria-label=\"Les contrats (opens in a new tab)\" href=\"https:\/\/drive.google.com\/open?id=1JxoCm2iLFvvGoei3kyb_rO9TbILSndwl\" target=\"_blank\">Les contrats fruits 2019<\/a><\/p>\n\n\n\n<p><a href=\"https:\/\/drive.google.com\/file\/d\/1IyrRgq_2C3IScmECNAVwnYxIibHjgzjW\/view?usp=sharing\">Les contrats fruits rouges 2019 <\/a><\/p>\n\n\n\n<p><\/p>\n\n\n\n<p><\/p>\n","protected":false},"excerpt":{"rendered":"<p>Contrats de fruits&nbsp;: -Pommes et Poires de Octobre \u00e0 F\u00e9vrier environ -Fruits rouges de Juin \u00e0 Juillet Maison Gaillard Nous exer\u00e7ons le m\u00e9tier d\u2019arboriculteur depuis 1964. Notre exploitation est situ\u00e9e sur le plateau des Alluets-le-Roi dans le prolongement de la plaine de Versailles.&nbsp;Nous mettons en valeur une vingtaine d\u2019hectares exclusivement destin\u00e9s aux productions fruiti\u00e8res traditionnelles &hellip; <\/p>\n<p class=\"link-more\"><a href=\"https:\/\/lesbiopaniersdemareil.org\/index.php\/produits\/les-fruits-selon-la-saison\/\" class=\"more-link\">Continue reading<span class=\"screen-reader-text\"> &#8220;Les fruits (selon la saison)&#8221;<\/span><\/a><\/p>\n","protected":false},"author":1,"featured_media":602,"parent":26,"menu_order":4,"comment_status":"closed","ping_status":"closed","template":"","meta":{"spay_email":""},"jetpack_sharing_enabled":true,"jetpack_shortlink":"https:\/\/wp.me\/Pai4cU-1s","_links":{"self":[{"href":"https:\/\/lesbiopaniersdemareil.org\/index.php\/wp-json\/wp\/v2\/pages\/90"}],"collection":[{"href":"https:\/\/lesbiopaniersdemareil.org\/index.php\/wp-json\/wp\/v2\/pages"}],"about":[{"href":"https:\/\/lesbiopaniersdemareil.org\/index.php\/wp-json\/wp\/v2\/types\/page"}],"author":[{"embeddable":true,"href":"https:\/\/lesbiopaniersdemareil.org\/index.php\/wp-json\/wp\/v2\/users\/1"}],"replies":[{"embeddable":true,"href":"https:\/\/lesbiopaniersdemareil.org\/index.php\/wp-json\/wp\/v2\/comments?post=90"}],"version-history":[{"count":9,"href":"https:\/\/lesbiopaniersdemareil.org\/index.php\/wp-json\/wp\/v2\/pages\/90\/revisions"}],"predecessor-version":[{"id":839,"href":"https:\/\/lesbiopaniersdemareil.org\/index.php\/wp-json\/wp\/v2\/pages\/90\/revisions\/839"}],"up":[{"embeddable":true,"href":"https:\/\/lesbiopaniersdemareil.org\/index.php\/wp-json\/wp\/v2\/pages\/26"}],"wp:featuredmedia":[{"embeddable":true,"href":"https:\/\/lesbiopaniersdemareil.org\/index.php\/wp-json\/wp\/v2\/media\/602"}],"wp:attachment":[{"href":"https:\/\/lesbiopaniersdemareil.org\/index.php\/wp-json\/wp\/v2\/media?parent=90"}],"curies":[{"name":"wp","href":"https:\/\/api.w.org\/{rel}","templated":true}]}}

<p><strong>Contrats de fruits&nbsp;:</strong></p>
<p>-Pommes et Poires de Octobre à Février environ</p>
<p><img loading="lazy" class="alignnone size-full wp-image-603" src="http://lesbiopaniersdemareil.org/wp-content/uploads/2019/04/f2.jpg" alt="" width="275" height="183"> <img loading="lazy" class="alignnone size-medium wp-image-605" src="http://lesbiopaniersdemareil.org/wp-content/uploads/2019/04/f4-300x200.jpg" alt="" width="300" height="200" srcset="https://lesbiopaniersdemareil.org/wp-content/uploads/2019/04/f4-300x200.jpg 300w, https://lesbiopaniersdemareil.org/wp-content/uploads/2019/04/f4.jpg 440w" sizes="(max-width: 300px) 100vw, 300px" /></p>
<p>-Fruits rouges de Juin à Juillet</p>
<p><img loading="lazy" class="alignnone size-full wp-image-604" src="http://lesbiopaniersdemareil.org/wp-content/uploads/2019/04/f3.jpg" alt="" width="200" height="150"></p>
<p><strong>Maison Gaillard</strong></p>
<p>Nous exerçons le métier d’arboriculteur depuis 1964. Notre exploitation est située sur le plateau des Alluets-le-Roi dans le prolongement de la plaine de Versailles.&nbsp;<br>Nous mettons en valeur une vingtaine d’hectares exclusivement destinés aux productions fruitières traditionnelles de la région&nbsp;: poires, pommes, framboises, fraises, cerises, prunes, etc.<br>Nos cultures sont certifiées bio&nbsp;sauf les fraisiers cultivés en terreau (aucun pesticide n&#8217;est utilisé dans leur itinéraire cultural). <br>Les terres limono-argileuses de ce terroir transmettent aux fruits une saveur authentique. La poire Doyenné du Comice en est un illustre exemple, sans parler du parfum des framboises&nbsp;!</p>
<p><strong>Tutrice&nbsp;</strong>: <a href="mailto:dbfrancou@gmail.com" target="_blank" rel="noopener noreferrer">Dominique Francou</a></p>
<p>Les contrats sont proposés en Septembre pour des pommes poires d’Octobre à février ou mars</p>
<p>&nbsp;et en Mai pour les fruits rouges de juin à Juillet.Les fruits sont délicieux&nbsp;! N’hésitez pas quand viendra le moment,&nbsp; vous le regretteriez&nbsp;!</p>


<p><a rel="noreferrer noopener" aria-label="Les contrats (opens in a new tab)" href="https://drive.google.com/open?id=1JxoCm2iLFvvGoei3kyb_rO9TbILSndwl" target="_blank">Les contrats fruits 2019</a></p>



<p><a href="https://drive.google.com/file/d/1IyrRgq_2C3IScmECNAVwnYxIibHjgzjW/view?usp=sharing">Les contrats fruits rouges 2019 </a></p>



<p></p>



<p></p>

<p>Contrats de fruits&nbsp;: -Pommes et Poires de Octobre à Février environ -Fruits rouges de Juin à Juillet Maison Gaillard Nous exerçons le métier d’arboriculteur depuis 1964. Notre exploitation est située sur le plateau des Alluets-le-Roi dans le prolongement de la plaine de Versailles.&nbsp;Nous mettons en valeur une vingtaine d’hectares exclusivement destinés aux productions fruitières traditionnelles &hellip; </p>
<p class="link-more"><a href="https://lesbiopaniersdemareil.org/index.php/produits/les-fruits-selon-la-saison/" class="more-link">Continue reading<span class="screen-reader-text"> &#8220;Les fruits (selon la saison)&#8221;</span></a></p>
