{"id":660,"date":"2019-04-09T10:28:28","date_gmt":"2019-04-09T08:28:28","guid":{"rendered":"http:\/\/lesbiopaniersdemareil.org\/?page_id=660"},"modified":"2019-09-27T15:04:01","modified_gmt":"2019-09-27T13:04:01","slug":"le-boeuf","status":"publish","type":"page","link":"https:\/\/lesbiopaniersdemareil.org\/index.php\/produits\/le-boeuf\/","title":{"rendered":"Le boeuf"},"content":{"rendered":"\n<h1>Le boeuf (4 fois par an)<\/h1>\n\n\n\n<figure class=\"wp-block-image\"><img loading=\"lazy\" width=\"300\" height=\"200\" src=\"http:\/\/lesbiopaniersdemareil.org\/wp-content\/uploads\/2018\/09\/roulades-3453901_1920-300x200.jpg\" alt=\"\" class=\"wp-image-394\" srcset=\"https:\/\/lesbiopaniersdemareil.org\/wp-content\/uploads\/2018\/09\/roulades-3453901_1920-300x200.jpg 300w, https:\/\/lesbiopaniersdemareil.org\/wp-content\/uploads\/2018\/09\/roulades-3453901_1920-768x512.jpg 768w, https:\/\/lesbiopaniersdemareil.org\/wp-content\/uploads\/2018\/09\/roulades-3453901_1920-1024x683.jpg 1024w, https:\/\/lesbiopaniersdemareil.org\/wp-content\/uploads\/2018\/09\/roulades-3453901_1920.jpg 1920w\" sizes=\"(max-width: 300px) 100vw, 300px\" \/><\/figure>\n\n\n\n<p>La ferme biolologique de la Haute Blatrie est une exploitation familiale (Dominique, Patrice et leur fils Vincent WEBER). Elle est situ\u00e9e dans le parc naturel du Perche.<\/p>\n\n\n\n<p>Les boeufs sont \u00e9lev\u00e9s pendant 3 ans minimum. Leur alimentation est produite sur l&#8217;exploitation.<\/p>\n\n\n\n<p>Des colis de 5 et 10kg sont livr\u00e9s 4 fois par an. La viande est livr\u00e9e sous vide et \u00e9tiquet\u00e9e. <a href=\"https:\/\/drive.google.com\/file\/d\/1nDpt9UX623Sxsn7sA-ZDYtOsmmyyO6_3\/view?usp=sharing\">+ d&#8217;infos<\/a><\/p>\n\n\n\n<p><\/p>\n\n\n\n<p>Il n&#8217;est pas obligatoire de commander aux 4 livraisons.<\/p>\n\n\n\n<p><\/p>\n\n\n\n<p><a href=\"https:\/\/drive.google.com\/file\/d\/1vQuli62oZz7a6Gz2gyGKEMeIIqsrysuv\/view?usp=sharing\">le CONTRAT<\/a><\/p>\n\n\n\n<h2>GAEC de la Blatrie, La Haute Blatrie, 61130 Bellou le Trichard   <\/h2>\n\n\n\n<pre class=\"wp-block-code\"><code>  fermedelablatrie@gmail.com<\/code><\/pre>\n\n\n\n<figure class=\"wp-block-image\"><img loading=\"lazy\" width=\"966\" height=\"536\" src=\"http:\/\/lesbiopaniersdemareil.org\/wp-content\/uploads\/2019\/09\/image-3.png\" alt=\"\" class=\"wp-image-975\" srcset=\"https:\/\/lesbiopaniersdemareil.org\/wp-content\/uploads\/2019\/09\/image-3.png 966w, https:\/\/lesbiopaniersdemareil.org\/wp-content\/uploads\/2019\/09\/image-3-300x166.png 300w, https:\/\/lesbiopaniersdemareil.org\/wp-content\/uploads\/2019\/09\/image-3-768x426.png 768w\" sizes=\"(max-width: 767px) 89vw, (max-width: 1000px) 54vw, (max-width: 1071px) 543px, 580px\" \/><\/figure>\n\n\n\n<p><strong>Au pr\u00e9 des b\u0153ufs<\/strong>  <\/p>\n\n\n\n<p>Parce que manger un herbivore c\u2019est un peu \u00eatre v\u00e9g\u00e9tarien ! <\/p>\n\n\n\n<p><\/p>\n\n\n\n<p>Voici les quelques nouvelles des derniers mois \u00e0 la ferme\u2026 <\/p>\n\n\n\n<p>Le moment des naissances  <\/p>\n\n\n\n<p>La  fin  de  l\u2019hiver  est  une p\u00e9riode  intense  chez  les  vaches ! <br>\nC\u2019est  un  bonheur  de  se  lever  le matin  et  de  trouver  un  petit  veau pr\u00e8s  de  sa  m\u00e8re.  Ouf  tout  s\u2019est bien  pass\u00e9.  Cependant  parfois  il faut intervenir car le veau est trop gros ou mal plac\u00e9.  La seconde \u00e9tape est de  garder  le veau  en vie et en bonne sant\u00e9 : le faire  t\u00e9ter  par  petites  quantit\u00e9s, surveiller les \u00e9ventuelles diarrh\u00e9es.  Il  faut  s\u2019en  occuper comme d\u2019un nouveau n\u00e9 : nourriture,  affection\u2026  Le  veau  est  nourri  au  lait  de  sa  m\u00e8re  deux  fois  par  jour  pendant trois mois. <br>\nLes  veaux  femelles  deviendront  des  vaches  laiti\u00e8res  et  nous  \u00e9levons  les  veaux  m\u00e2les pendant quatre ans pour produire de la viande. <\/p>\n\n\n\n<p><\/p>\n\n\n\n<figure class=\"wp-block-image\"><img loading=\"lazy\" width=\"599\" height=\"463\" src=\"http:\/\/lesbiopaniersdemareil.org\/wp-content\/uploads\/2019\/09\/image-4.png\" alt=\"\" class=\"wp-image-977\" srcset=\"https:\/\/lesbiopaniersdemareil.org\/wp-content\/uploads\/2019\/09\/image-4.png 599w, https:\/\/lesbiopaniersdemareil.org\/wp-content\/uploads\/2019\/09\/image-4-300x232.png 300w\" sizes=\"(max-width: 599px) 100vw, 599px\" \/><\/figure>\n\n\n\n<p>Dans  le  pass\u00e9    nous  vendions  les  petits  m\u00e2les  jusqu\u2019au  jour  o\u00f9  nous  avons  d\u00e9couverts  qu\u2019ils partaient dans des \u00e9levages intensifs en batterie pour faire des veaux gras.   Nous  avons donc  d\u00e9cid\u00e9  d\u2019aller  jusqu\u2019au  bout  de  notre  d\u00e9marche  \u00e9thique  en  \u00e9levant  ces veaux  m\u00e2les  qui  deviennent  maintenant  de  beaux  b\u0153ufs  bios  vendus  essentiellement  aux Amaps. <\/p>\n\n\n\n<p>A ruminer \u2026 <\/p>\n\n\n\n<p>En  agriculture  conventionnelle la  r\u00e9glementation  actuelle  ne  pr\u00e9voit  pas  de distance  minimale d&#8217;une  habitation  pour  effectuer  un  traitement  phytosanitaire. <br>\nL&#8217;agriculteur  est  tenu  de  prendre  toutes  les  pr\u00e9cautions  n\u00e9cessaire pour  qu&#8217;il  n&#8217;y  ait  pas d&#8217;embruns ou de d\u00e9rives de pulv\u00e9risation chimique dans votre propri\u00e9t\u00e9. Il faut savoir que la pulv\u00e9risation  est interdite dans des conditions de vent fort (sup\u00e9rieur \u00e0 une vitesse de 3 sur l\u2019\u00e9chelle de Beaufort, soit 19 km\/h). Par  contre  pour  \u00e9pandre  du  fumier  bio  dans  les  champs  il  ne  faut  pas  s\u2019approcher  \u00e0 moins de 35 m\u00e8tres des habitations\u2026 <\/p>\n\n\n\n<p>Bio\u2026 diversit\u00e9 <\/p>\n\n\n\n<p><\/p>\n\n\n\n<figure class=\"wp-block-image\"><img loading=\"lazy\" width=\"446\" height=\"646\" src=\"http:\/\/lesbiopaniersdemareil.org\/wp-content\/uploads\/2019\/09\/image-1.png\" alt=\"\" class=\"wp-image-973\" srcset=\"https:\/\/lesbiopaniersdemareil.org\/wp-content\/uploads\/2019\/09\/image-1.png 446w, https:\/\/lesbiopaniersdemareil.org\/wp-content\/uploads\/2019\/09\/image-1-207x300.png 207w\" sizes=\"(max-width: 446px) 100vw, 446px\" \/><\/figure>\n\n\n\n<p>D\u00e9but  f\u00e9vrier,  en  faisant  le  tour  des  pr\u00e9s nous avons crois\u00e9 le chemin d\u2019une salamandre !  <br> Cette  impressionnante  petite  b\u00eate  est  un amphibien  nocturne,  elle  mesure  jusqu\u2019\u00e0  20  cm et  peut  vivre  une  vingtaine  d\u2019ann\u00e9e.  Elle  se nourrit de petits invert\u00e9br\u00e9s, de vers voire m\u00eame d\u2019autres    petits    amphibiens  et  vit  en  milieux bois\u00e9s  \u00e0  proximit\u00e9  de  sources  et  de  petits  cours d\u2019eau.  La  salamandre  s\u2019accouple    comme beaucoup  d\u2019animaux,  au  printemps. La  femelle porte les larves pendant pr\u00e8s d\u2019un an avant de les d\u00e9poser le printemps suivant dans l\u2019eau. C\u2019est l\u00e0 qu\u2019elles  vont  se  d\u00e9velopper  encore  un  an  avant de  devenir  adulte  et  de sortir  de  l\u2019eau, g\u00e9n\u00e9ralement le printemps suivant.  Cet  animal  a  la  particularit\u00e9  d\u2019avoir  de  petites glandes juste derri\u00e8re ses yeux qui s\u00e9cr\u00e8tent  une substance  toxique  lui  permettant de  se  d\u00e9fendre des pr\u00e9dateurs. La salamandre hiberne sous des pierres, dans des terriers ou des cavit\u00e9s de bois morts mais on peut la rencontrer durant les plus beaux jours d\u2019hiver,  ce  qui  a surement  \u00e9t\u00e9  notre  chance  \u00e0  moins  que  nous  ayons  crois\u00e9  une  femelle s\u2019appr\u00eatant \u00e0 pondre ses larves ! <\/p>\n\n\n\n<p>C\u2019\u00e9tait la saison ! <\/p>\n\n\n\n<p>L\u2019hiver c\u2019est le moment de \u00ab  faire du bois \u00bb c&#8217;est-\u00e0-dire tailler les haies.  <br>\nAu  moment  de  l\u2019automne  la  s\u00e8ve  descend  pour  se  concentrer  dans  les  racines,  c\u2019est  le moment le plus propice pour la taille.  La  haie  champ\u00eatre  est  indispensable  en  agriculture biologique.  Tout  d\u2019abord    li\u00e9e  \u00e0  l\u2019\u00e9levage,  elle  sert  de  brise vent et d\u2019abris pour les animaux, mais en plus elle remplit de nombreuses fonctions agronomiques et \u00e9cologiques : <br>\nprotection  contre  l\u2019\u00e9rosion,  abri  pour  les  pollinisateurs  et  la faune  auxiliaire.  Elle  participe  \u00e9galement  \u00e0  l\u2019\u00e9puration  de l\u2019eau et favorise son  infiltration  vers  les  nappessouterraines. Elles  absorbent  le  carbone  et  le  stockent  dans  leur  partie a\u00e9rienne mais aussi dans leur syst\u00e8me racinaire. Elle a un seul d\u00e9faut, elle pousse ! Et il faut l\u2019entretenir pour limiter ses d\u00e9bordements. Chaque ann\u00e9e nous consacrons 4  \u00e0 6 semaines \u00e0 tailler, r\u00e9g\u00e9n\u00e9rer, b\u00fbcher car  nous avons 35 km de haies qui bordent les parcelles de la  ferme. Ce  bois  est  majoritairement  utilis\u00e9  pour  le  chauffage,  il  est stock\u00e9  au  sec  pour  le  bruler  l\u2019hiver  suivant.  Nous s\u00e9lectionnons aussi le bois d\u2019acacia  plus dur et bien r\u00e9sistant \u00e0  l\u2019humidit\u00e9 pour tailler des piquets pour les cl\u00f4tures.  <\/p>\n\n\n\n<p>Tout ce travail est tr\u00e8s physique et le temps n\u2019est jamais tr\u00e8s cl\u00e9ment en hiver !  <\/p>\n\n\n\n<p>La haie est donc indissociable des activit\u00e9s agricoles. Comme de tout temps elle t\u00e9moigne des  modes  de  production.  Hier  on  taillait  r\u00e9guli\u00e8rement  les  arbres  afin  d\u2019en  pr\u00e9lever  les rameaux  pour  se  chauffer,  faire  des  paniers  ou  nourrir  les  animaux  lors  des  p\u00e9riodes  de s\u00e9cheresse, il en reste aujourd\u2019hui ces arbres t\u00eatards que l\u2019on retrouve dans nos haies.  Cependant quand l\u2019agriculture se sp\u00e9cialise (ne produire que des c\u00e9r\u00e9ales par exemple) et que  les  animaux  sont  enferm\u00e9s  presque  toute  l\u2019ann\u00e9e  dans  des  hangars,  les  agriculteurs n\u2019ont plus besoin des haies c\u2019est alors pour ces derniers une v\u00e9ritable \u00e9conomie de temps et de travail. Aujourd\u2019hui la haie a toute sa place dans l\u2019agriculture biologique.  <br>\nPour  le consommateur  la  haie  \u00e0  une  valeur  esth\u00e9tique, elle dessine  le paysage. Autrefois reflet  d\u2019une  \u00e9conomie  vivri\u00e8re  et  autarcique  des  paysans,  le  paysage  est  aujourd\u2019hui  le reflet de notre \u00e9conomie mondiale. C\u2019est pourquoi il est plus que jamais en votre pouvoir d\u2019influer sur ce paysage gr\u00e2ce \u00e0 vos choix de consommation !  <\/p>\n\n\n\n<p>La vie \u00e0 la ferme : l\u2019installation de notre fils Vincent. <\/p>\n\n\n\n<p>\u00ab Apr\u00e8s  avoir  obtenu  un  BTS  agricole  je  me  suis  install\u00e9  le  1er  f\u00e9vrier   avec  mes parents,  l\u2019EARL  Penvern  Weber  devient   le  GAEC  de  la  Blatrie,  nom  du  lieu  dit  de  la <br>\nferme.  C\u2019est  en  grandissant  \u00e0  la  ferme  au  milieu  des  animaux,  que  ce  m\u00e9tier  est  devenu une v\u00e9ritable vocation.  L\u2019agriculture biologique que mes parents pratiquent depuis plus de <br>\n20 ans est pour  moi  une \u00e9vidence, elle respecte  totalement   l\u2019homme et  l\u2019environnement dans  un  esprit  de  durabilit\u00e9.  Approvisionner  les  Amaps   est   un  aboutissement,   c\u2019est   le <br>\ncommerce  \u00e9quitable  en  France.  Au-del\u00e0  de  l\u2019aspect  \u00e9conomique   et  \u00e9cologique,   \u00e9tablir une  relation  de  confiance  et  de  responsabilit\u00e9  avec  le  consommateur  est  une  v\u00e9ritable <br>\nmotivation. A bient\u00f4t pour une prochaine livraison ! \u00bbVincent. <\/p>\n","protected":false},"excerpt":{"rendered":"<p>Le boeuf (4 fois par an) La ferme biolologique de la Haute Blatrie est une exploitation familiale (Dominique, Patrice et leur fils Vincent WEBER). Elle est situ\u00e9e dans le parc naturel du Perche. Les boeufs sont \u00e9lev\u00e9s pendant 3 ans minimum. Leur alimentation est produite sur l&#8217;exploitation. Des colis de 5 et 10kg sont livr\u00e9s &hellip; <\/p>\n<p class=\"link-more\"><a href=\"https:\/\/lesbiopaniersdemareil.org\/index.php\/produits\/le-boeuf\/\" class=\"more-link\">Continue reading<span class=\"screen-reader-text\"> &#8220;Le boeuf&#8221;<\/span><\/a><\/p>\n","protected":false},"author":1,"featured_media":0,"parent":26,"menu_order":7,"comment_status":"closed","ping_status":"closed","template":"","meta":{"spay_email":""},"jetpack_sharing_enabled":true,"jetpack_shortlink":"https:\/\/wp.me\/Pai4cU-aE","_links":{"self":[{"href":"https:\/\/lesbiopaniersdemareil.org\/index.php\/wp-json\/wp\/v2\/pages\/660"}],"collection":[{"href":"https:\/\/lesbiopaniersdemareil.org\/index.php\/wp-json\/wp\/v2\/pages"}],"about":[{"href":"https:\/\/lesbiopaniersdemareil.org\/index.php\/wp-json\/wp\/v2\/types\/page"}],"author":[{"embeddable":true,"href":"https:\/\/lesbiopaniersdemareil.org\/index.php\/wp-json\/wp\/v2\/users\/1"}],"replies":[{"embeddable":true,"href":"https:\/\/lesbiopaniersdemareil.org\/index.php\/wp-json\/wp\/v2\/comments?post=660"}],"version-history":[{"count":7,"href":"https:\/\/lesbiopaniersdemareil.org\/index.php\/wp-json\/wp\/v2\/pages\/660\/revisions"}],"predecessor-version":[{"id":981,"href":"https:\/\/lesbiopaniersdemareil.org\/index.php\/wp-json\/wp\/v2\/pages\/660\/revisions\/981"}],"up":[{"embeddable":true,"href":"https:\/\/lesbiopaniersdemareil.org\/index.php\/wp-json\/wp\/v2\/pages\/26"}],"wp:attachment":[{"href":"https:\/\/lesbiopaniersdemareil.org\/index.php\/wp-json\/wp\/v2\/media?parent=660"}],"curies":[{"name":"wp","href":"https:\/\/api.w.org\/{rel}","templated":true}]}}

<h1>Le boeuf (4 fois par an)</h1>



<figure class="wp-block-image"><img loading="lazy" width="300" height="200" src="http://lesbiopaniersdemareil.org/wp-content/uploads/2018/09/roulades-3453901_1920-300x200.jpg" alt="" class="wp-image-394" srcset="https://lesbiopaniersdemareil.org/wp-content/uploads/2018/09/roulades-3453901_1920-300x200.jpg 300w, https://lesbiopaniersdemareil.org/wp-content/uploads/2018/09/roulades-3453901_1920-768x512.jpg 768w, https://lesbiopaniersdemareil.org/wp-content/uploads/2018/09/roulades-3453901_1920-1024x683.jpg 1024w, https://lesbiopaniersdemareil.org/wp-content/uploads/2018/09/roulades-3453901_1920.jpg 1920w" sizes="(max-width: 300px) 100vw, 300px" /></figure>



<p>La ferme biolologique de la Haute Blatrie est une exploitation familiale (Dominique, Patrice et leur fils Vincent WEBER). Elle est située dans le parc naturel du Perche.</p>



<p>Les boeufs sont élevés pendant 3 ans minimum. Leur alimentation est produite sur l&#8217;exploitation.</p>



<p>Des colis de 5 et 10kg sont livrés 4 fois par an. La viande est livrée sous vide et étiquetée. <a href="https://drive.google.com/file/d/1nDpt9UX623Sxsn7sA-ZDYtOsmmyyO6_3/view?usp=sharing">+ d&#8217;infos</a></p>



<p></p>



<p>Il n&#8217;est pas obligatoire de commander aux 4 livraisons.</p>



<p></p>



<p><a href="https://drive.google.com/file/d/1vQuli62oZz7a6Gz2gyGKEMeIIqsrysuv/view?usp=sharing">le CONTRAT</a></p>



<h2>GAEC de la Blatrie, La Haute Blatrie, 61130 Bellou le Trichard   </h2>



<pre class="wp-block-code"><code>  fermedelablatrie@gmail.com</code></pre>



<figure class="wp-block-image"><img loading="lazy" width="966" height="536" src="http://lesbiopaniersdemareil.org/wp-content/uploads/2019/09/image-3.png" alt="" class="wp-image-975" srcset="https://lesbiopaniersdemareil.org/wp-content/uploads/2019/09/image-3.png 966w, https://lesbiopaniersdemareil.org/wp-content/uploads/2019/09/image-3-300x166.png 300w, https://lesbiopaniersdemareil.org/wp-content/uploads/2019/09/image-3-768x426.png 768w" sizes="(max-width: 767px) 89vw, (max-width: 1000px) 54vw, (max-width: 1071px) 543px, 580px" /></figure>



<p><strong>Au pré des bœufs</strong>  </p>



<p>Parce que manger un herbivore c’est un peu être végétarien ! </p>



<p></p>



<p>Voici les quelques nouvelles des derniers mois à la ferme… </p>



<p>Le moment des naissances  </p>



<p>La  fin  de  l’hiver  est  une période  intense  chez  les  vaches ! <br>
C’est  un  bonheur  de  se  lever  le matin  et  de  trouver  un  petit  veau près  de  sa  mère.  Ouf  tout  s’est bien  passé.  Cependant  parfois  il faut intervenir car le veau est trop gros ou mal placé.  La seconde étape est de  garder  le veau  en vie et en bonne santé : le faire  téter  par  petites  quantités, surveiller les éventuelles diarrhées.  Il  faut  s’en  occuper comme d’un nouveau né : nourriture,  affection…  Le  veau  est  nourri  au  lait  de  sa  mère  deux  fois  par  jour  pendant trois mois. <br>
Les  veaux  femelles  deviendront  des  vaches  laitières  et  nous  élevons  les  veaux  mâles pendant quatre ans pour produire de la viande. </p>



<p></p>



<figure class="wp-block-image"><img loading="lazy" width="599" height="463" src="http://lesbiopaniersdemareil.org/wp-content/uploads/2019/09/image-4.png" alt="" class="wp-image-977" srcset="https://lesbiopaniersdemareil.org/wp-content/uploads/2019/09/image-4.png 599w, https://lesbiopaniersdemareil.org/wp-content/uploads/2019/09/image-4-300x232.png 300w" sizes="(max-width: 599px) 100vw, 599px" /></figure>



<p>Dans  le  passé    nous  vendions  les  petits  mâles  jusqu’au  jour  où  nous  avons  découverts  qu’ils partaient dans des élevages intensifs en batterie pour faire des veaux gras.   Nous  avons donc  décidé  d’aller  jusqu’au  bout  de  notre  démarche  éthique  en  élevant  ces veaux  mâles  qui  deviennent  maintenant  de  beaux  bœufs  bios  vendus  essentiellement  aux Amaps. </p>



<p>A ruminer … </p>



<p>En  agriculture  conventionnelle la  réglementation  actuelle  ne  prévoit  pas  de distance  minimale d&#8217;une  habitation  pour  effectuer  un  traitement  phytosanitaire. <br>
L&#8217;agriculteur  est  tenu  de  prendre  toutes  les  précautions  nécessaire pour  qu&#8217;il  n&#8217;y  ait  pas d&#8217;embruns ou de dérives de pulvérisation chimique dans votre propriété. Il faut savoir que la pulvérisation  est interdite dans des conditions de vent fort (supérieur à une vitesse de 3 sur l’échelle de Beaufort, soit 19 km/h). Par  contre  pour  épandre  du  fumier  bio  dans  les  champs  il  ne  faut  pas  s’approcher  à moins de 35 mètres des habitations… </p>



<p>Bio… diversité </p>



<p></p>



<figure class="wp-block-image"><img loading="lazy" width="446" height="646" src="http://lesbiopaniersdemareil.org/wp-content/uploads/2019/09/image-1.png" alt="" class="wp-image-973" srcset="https://lesbiopaniersdemareil.org/wp-content/uploads/2019/09/image-1.png 446w, https://lesbiopaniersdemareil.org/wp-content/uploads/2019/09/image-1-207x300.png 207w" sizes="(max-width: 446px) 100vw, 446px" /></figure>



<p>Début  février,  en  faisant  le  tour  des  prés nous avons croisé le chemin d’une salamandre !  <br> Cette  impressionnante  petite  bête  est  un amphibien  nocturne,  elle  mesure  jusqu’à  20  cm et  peut  vivre  une  vingtaine  d’année.  Elle  se nourrit de petits invertébrés, de vers voire même d’autres    petits    amphibiens  et  vit  en  milieux boisés  à  proximité  de  sources  et  de  petits  cours d’eau.  La  salamandre  s’accouple    comme beaucoup  d’animaux,  au  printemps. La  femelle porte les larves pendant près d’un an avant de les déposer le printemps suivant dans l’eau. C’est là qu’elles  vont  se  développer  encore  un  an  avant de  devenir  adulte  et  de sortir  de  l’eau, généralement le printemps suivant.  Cet  animal  a  la  particularité  d’avoir  de  petites glandes juste derrière ses yeux qui sécrètent  une substance  toxique  lui  permettant de  se  défendre des prédateurs. La salamandre hiberne sous des pierres, dans des terriers ou des cavités de bois morts mais on peut la rencontrer durant les plus beaux jours d’hiver,  ce  qui  a surement  été  notre  chance  à  moins  que  nous  ayons  croisé  une  femelle s’apprêtant à pondre ses larves ! </p>



<p>C’était la saison ! </p>



<p>L’hiver c’est le moment de «  faire du bois » c&#8217;est-à-dire tailler les haies.  <br>
Au  moment  de  l’automne  la  sève  descend  pour  se  concentrer  dans  les  racines,  c’est  le moment le plus propice pour la taille.  La  haie  champêtre  est  indispensable  en  agriculture biologique.  Tout  d’abord    liée  à  l’élevage,  elle  sert  de  brise vent et d’abris pour les animaux, mais en plus elle remplit de nombreuses fonctions agronomiques et écologiques : <br>
protection  contre  l’érosion,  abri  pour  les  pollinisateurs  et  la faune  auxiliaire.  Elle  participe  également  à  l’épuration  de l’eau et favorise son  infiltration  vers  les  nappessouterraines. Elles  absorbent  le  carbone  et  le  stockent  dans  leur  partie aérienne mais aussi dans leur système racinaire. Elle a un seul défaut, elle pousse ! Et il faut l’entretenir pour limiter ses débordements. Chaque année nous consacrons 4  à 6 semaines à tailler, régénérer, bûcher car  nous avons 35 km de haies qui bordent les parcelles de la  ferme. Ce  bois  est  majoritairement  utilisé  pour  le  chauffage,  il  est stocké  au  sec  pour  le  bruler  l’hiver  suivant.  Nous sélectionnons aussi le bois d’acacia  plus dur et bien résistant à  l’humidité pour tailler des piquets pour les clôtures.  </p>



<p>Tout ce travail est très physique et le temps n’est jamais très clément en hiver !  </p>



<p>La haie est donc indissociable des activités agricoles. Comme de tout temps elle témoigne des  modes  de  production.  Hier  on  taillait  régulièrement  les  arbres  afin  d’en  prélever  les rameaux  pour  se  chauffer,  faire  des  paniers  ou  nourrir  les  animaux  lors  des  périodes  de sécheresse, il en reste aujourd’hui ces arbres têtards que l’on retrouve dans nos haies.  Cependant quand l’agriculture se spécialise (ne produire que des céréales par exemple) et que  les  animaux  sont  enfermés  presque  toute  l’année  dans  des  hangars,  les  agriculteurs n’ont plus besoin des haies c’est alors pour ces derniers une véritable économie de temps et de travail. Aujourd’hui la haie a toute sa place dans l’agriculture biologique.  <br>
Pour  le consommateur  la  haie  à  une  valeur  esthétique, elle dessine  le paysage. Autrefois reflet  d’une  économie  vivrière  et  autarcique  des  paysans,  le  paysage  est  aujourd’hui  le reflet de notre économie mondiale. C’est pourquoi il est plus que jamais en votre pouvoir d’influer sur ce paysage grâce à vos choix de consommation !  </p>



<p>La vie à la ferme : l’installation de notre fils Vincent. </p>



<p>« Après  avoir  obtenu  un  BTS  agricole  je  me  suis  installé  le  1er  février   avec  mes parents,  l’EARL  Penvern  Weber  devient   le  GAEC  de  la  Blatrie,  nom  du  lieu  dit  de  la <br>
ferme.  C’est  en  grandissant  à  la  ferme  au  milieu  des  animaux,  que  ce  métier  est  devenu une véritable vocation.  L’agriculture biologique que mes parents pratiquent depuis plus de <br>
20 ans est pour  moi  une évidence, elle respecte  totalement   l’homme et  l’environnement dans  un  esprit  de  durabilité.  Approvisionner  les  Amaps   est   un  aboutissement,   c’est   le <br>
commerce  équitable  en  France.  Au-delà  de  l’aspect  économique   et  écologique,   établir une  relation  de  confiance  et  de  responsabilité  avec  le  consommateur  est  une  véritable <br>
motivation. A bientôt pour une prochaine livraison ! »Vincent. </p>

<p>Le boeuf (4 fois par an) La ferme biolologique de la Haute Blatrie est une exploitation familiale (Dominique, Patrice et leur fils Vincent WEBER). Elle est située dans le parc naturel du Perche. Les boeufs sont élevés pendant 3 ans minimum. Leur alimentation est produite sur l&#8217;exploitation. Des colis de 5 et 10kg sont livrés &hellip; </p>
<p class="link-more"><a href="https://lesbiopaniersdemareil.org/index.php/produits/le-boeuf/" class="more-link">Continue reading<span class="screen-reader-text"> &#8220;Le boeuf&#8221;</span></a></p>
