{"id":623,"date":"2019-04-08T22:57:19","date_gmt":"2019-04-08T20:57:19","guid":{"rendered":"http:\/\/lesbiopaniersdemareil.org\/?page_id=623"},"modified":"2019-04-08T22:58:25","modified_gmt":"2019-04-08T20:58:25","slug":"jus-de-poires-poires-coings","status":"publish","type":"page","link":"https:\/\/lesbiopaniersdemareil.org\/index.php\/produits\/jus-de-poires-poires-coings\/","title":{"rendered":"Jus de poires &#038; poires\/coings"},"content":{"rendered":"\n<p>Henry Poulain produit et commercialise des jus de fruits (poire et poire\/coing principalement) au sein  d\u2019une association qui se nomme \u00ab Fruits d\u2019Avenir \u00bb et qui est localis\u00e9 \u00e0 Champtercier, dans les Alpes  de Haute-Provence. Il exploite des vergers abandonn\u00e9s de montagne :<br> \u00ab Fruits d\u2019Avenir vous propose ses jus de fruits naturels et locaux, fabriqu\u00e9s \u00e0 partir de poires et de  coings r\u00e9colt\u00e9s \u00e0 maturit\u00e9 optimale et aussit\u00f4t press\u00e9s, pasteuris\u00e9s et embouteill\u00e9s.  Le fleuron de notre gamme est le JUS DE POIRE un exceptionnel PUR JUS clair et dot\u00e9 d\u2019une subtile  tonicit\u00e9, aux ar\u00f4mes de miel conf\u00e9r\u00e9s par les poires de vari\u00e9t\u00e9s anciennes, appel\u00e9es localement  Verte Longue, Belle-Adrienne, Cuisse-de-Dame ou Cur\u00e9, et qu\u2019on ne trouve plus que sur des arbres  anciens \u00ab de plein vent \u00bb. Ce jus se d\u00e9cline \u00e9galement en m\u00e9lange poire&amp;coing au dosage \u00e9quilibr\u00e9 et  tr\u00e8s fruit\u00e9. Les vergers d\u00e9laiss\u00e9s, mais p\u00e2tur\u00e9s, o\u00f9 nous les r\u00e9coltons sont non trait\u00e9s et font partie  int\u00e9grante du patrimoine paysager et culturel du Pays Dignois et des Alpes de Haute-Provence,  depuis 200 ans.<br> Gr\u00e2ce \u00e0 son activit\u00e9, Fruits d\u2019Avenir contribue \u00e0 pr\u00e9server la biodiversit\u00e9 fruiti\u00e8re, limiter le gaspillage  alimentaire et cr\u00e9er des emplois locaux en zone rurale de montagne \u00bb.<br> Les livraisons ont lieu une \u00e0 deux fois par an (d\u00e9cembre et parfois juin), en fonction de la quantit\u00e9 de  fruits r\u00e9colt\u00e9s et donc de jus produits.<br> Henry propose ses produits \u00e0 l\u2019Amap de Mareil depuis 2012. Ses jus, l\u00e9gers, peu sucr\u00e9s et tr\u00e8s  parfum\u00e9s ont un public de connaisseurs tr\u00e8s fid\u00e8les.<\/p>\n\n\n\n<ul class=\"wp-block-gallery columns-2 is-cropped\"><li class=\"blocks-gallery-item\"><figure><img loading=\"lazy\" width=\"992\" height=\"1024\" src=\"http:\/\/lesbiopaniersdemareil.org\/wp-content\/uploads\/2019\/04\/Photo-jus-de-poires-992x1024.jpg\" alt=\"\" data-id=\"624\" data-link=\"http:\/\/lesbiopaniersdemareil.org\/?attachment_id=624\" class=\"wp-image-624\" srcset=\"https:\/\/lesbiopaniersdemareil.org\/wp-content\/uploads\/2019\/04\/Photo-jus-de-poires-992x1024.jpg 992w, https:\/\/lesbiopaniersdemareil.org\/wp-content\/uploads\/2019\/04\/Photo-jus-de-poires-291x300.jpg 291w, https:\/\/lesbiopaniersdemareil.org\/wp-content\/uploads\/2019\/04\/Photo-jus-de-poires-768x792.jpg 768w, https:\/\/lesbiopaniersdemareil.org\/wp-content\/uploads\/2019\/04\/Photo-jus-de-poires.jpg 1164w\" sizes=\"(max-width: 767px) 89vw, (max-width: 1000px) 54vw, (max-width: 1071px) 543px, 580px\" \/><\/figure><\/li><li class=\"blocks-gallery-item\"><figure><img loading=\"lazy\" width=\"1024\" height=\"994\" src=\"http:\/\/lesbiopaniersdemareil.org\/wp-content\/uploads\/2019\/04\/Photo-jus-de-poires-coing--1024x994.jpg\" alt=\"\" data-id=\"625\" data-link=\"http:\/\/lesbiopaniersdemareil.org\/?attachment_id=625\" class=\"wp-image-625\" srcset=\"https:\/\/lesbiopaniersdemareil.org\/wp-content\/uploads\/2019\/04\/Photo-jus-de-poires-coing--1024x994.jpg 1024w, https:\/\/lesbiopaniersdemareil.org\/wp-content\/uploads\/2019\/04\/Photo-jus-de-poires-coing--300x291.jpg 300w, https:\/\/lesbiopaniersdemareil.org\/wp-content\/uploads\/2019\/04\/Photo-jus-de-poires-coing--768x746.jpg 768w, https:\/\/lesbiopaniersdemareil.org\/wp-content\/uploads\/2019\/04\/Photo-jus-de-poires-coing-.jpg 1164w\" sizes=\"(max-width: 767px) 89vw, (max-width: 1000px) 54vw, (max-width: 1071px) 543px, 580px\" \/><\/figure><\/li><\/ul>\n\n\n\n<p> Le tuteur de ce produit est Fran\u00e7oise Toulemonde<\/p>\n\n\n\n<p><a href=\"https:\/\/drive.google.com\/open?id=1bp024-XVw2WHYC30WifF5dP42czneGGY\" target=\"_blank\" rel=\"noreferrer noopener\" aria-label=\"Le contrat (opens in a new tab)\">Le contrat<\/a><\/p>\n","protected":false},"excerpt":{"rendered":"<p>Henry Poulain produit et commercialise des jus de fruits (poire et poire\/coing principalement) au sein d\u2019une association qui se nomme \u00ab Fruits d\u2019Avenir \u00bb et qui est localis\u00e9 \u00e0 Champtercier, dans les Alpes de Haute-Provence. Il exploite des vergers abandonn\u00e9s de montagne : \u00ab Fruits d\u2019Avenir vous propose ses jus de fruits naturels et locaux, &hellip; <\/p>\n<p class=\"link-more\"><a href=\"https:\/\/lesbiopaniersdemareil.org\/index.php\/produits\/jus-de-poires-poires-coings\/\" class=\"more-link\">Continue reading<span class=\"screen-reader-text\"> &#8220;Jus de poires &#038; poires\/coings&#8221;<\/span><\/a><\/p>\n","protected":false},"author":1,"featured_media":627,"parent":26,"menu_order":8,"comment_status":"closed","ping_status":"closed","template":"","meta":{"spay_email":""},"jetpack_sharing_enabled":true,"jetpack_shortlink":"https:\/\/wp.me\/Pai4cU-a3","_links":{"self":[{"href":"https:\/\/lesbiopaniersdemareil.org\/index.php\/wp-json\/wp\/v2\/pages\/623"}],"collection":[{"href":"https:\/\/lesbiopaniersdemareil.org\/index.php\/wp-json\/wp\/v2\/pages"}],"about":[{"href":"https:\/\/lesbiopaniersdemareil.org\/index.php\/wp-json\/wp\/v2\/types\/page"}],"author":[{"embeddable":true,"href":"https:\/\/lesbiopaniersdemareil.org\/index.php\/wp-json\/wp\/v2\/users\/1"}],"replies":[{"embeddable":true,"href":"https:\/\/lesbiopaniersdemareil.org\/index.php\/wp-json\/wp\/v2\/comments?post=623"}],"version-history":[{"count":1,"href":"https:\/\/lesbiopaniersdemareil.org\/index.php\/wp-json\/wp\/v2\/pages\/623\/revisions"}],"predecessor-version":[{"id":628,"href":"https:\/\/lesbiopaniersdemareil.org\/index.php\/wp-json\/wp\/v2\/pages\/623\/revisions\/628"}],"up":[{"embeddable":true,"href":"https:\/\/lesbiopaniersdemareil.org\/index.php\/wp-json\/wp\/v2\/pages\/26"}],"wp:featuredmedia":[{"embeddable":true,"href":"https:\/\/lesbiopaniersdemareil.org\/index.php\/wp-json\/wp\/v2\/media\/627"}],"wp:attachment":[{"href":"https:\/\/lesbiopaniersdemareil.org\/index.php\/wp-json\/wp\/v2\/media?parent=623"}],"curies":[{"name":"wp","href":"https:\/\/api.w.org\/{rel}","templated":true}]}}

<p>Henry Poulain produit et commercialise des jus de fruits (poire et poire/coing principalement) au sein  d’une association qui se nomme « Fruits d’Avenir » et qui est localisé à Champtercier, dans les Alpes  de Haute-Provence. Il exploite des vergers abandonnés de montagne :<br> « Fruits d’Avenir vous propose ses jus de fruits naturels et locaux, fabriqués à partir de poires et de  coings récoltés à maturité optimale et aussitôt pressés, pasteurisés et embouteillés.  Le fleuron de notre gamme est le JUS DE POIRE un exceptionnel PUR JUS clair et doté d’une subtile  tonicité, aux arômes de miel conférés par les poires de variétés anciennes, appelées localement  Verte Longue, Belle-Adrienne, Cuisse-de-Dame ou Curé, et qu’on ne trouve plus que sur des arbres  anciens « de plein vent ». Ce jus se décline également en mélange poire&amp;coing au dosage équilibré et  très fruité. Les vergers délaissés, mais pâturés, où nous les récoltons sont non traités et font partie  intégrante du patrimoine paysager et culturel du Pays Dignois et des Alpes de Haute-Provence,  depuis 200 ans.<br> Grâce à son activité, Fruits d’Avenir contribue à préserver la biodiversité fruitière, limiter le gaspillage  alimentaire et créer des emplois locaux en zone rurale de montagne ».<br> Les livraisons ont lieu une à deux fois par an (décembre et parfois juin), en fonction de la quantité de  fruits récoltés et donc de jus produits.<br> Henry propose ses produits à l’Amap de Mareil depuis 2012. Ses jus, légers, peu sucrés et très  parfumés ont un public de connaisseurs très fidèles.</p>



<ul class="wp-block-gallery columns-2 is-cropped"><li class="blocks-gallery-item"><figure><img loading="lazy" width="992" height="1024" src="http://lesbiopaniersdemareil.org/wp-content/uploads/2019/04/Photo-jus-de-poires-992x1024.jpg" alt="" data-id="624" data-link="http://lesbiopaniersdemareil.org/?attachment_id=624" class="wp-image-624" srcset="https://lesbiopaniersdemareil.org/wp-content/uploads/2019/04/Photo-jus-de-poires-992x1024.jpg 992w, https://lesbiopaniersdemareil.org/wp-content/uploads/2019/04/Photo-jus-de-poires-291x300.jpg 291w, https://lesbiopaniersdemareil.org/wp-content/uploads/2019/04/Photo-jus-de-poires-768x792.jpg 768w, https://lesbiopaniersdemareil.org/wp-content/uploads/2019/04/Photo-jus-de-poires.jpg 1164w" sizes="(max-width: 767px) 89vw, (max-width: 1000px) 54vw, (max-width: 1071px) 543px, 580px" /></figure></li><li class="blocks-gallery-item"><figure><img loading="lazy" width="1024" height="994" src="http://lesbiopaniersdemareil.org/wp-content/uploads/2019/04/Photo-jus-de-poires-coing--1024x994.jpg" alt="" data-id="625" data-link="http://lesbiopaniersdemareil.org/?attachment_id=625" class="wp-image-625" srcset="https://lesbiopaniersdemareil.org/wp-content/uploads/2019/04/Photo-jus-de-poires-coing--1024x994.jpg 1024w, https://lesbiopaniersdemareil.org/wp-content/uploads/2019/04/Photo-jus-de-poires-coing--300x291.jpg 300w, https://lesbiopaniersdemareil.org/wp-content/uploads/2019/04/Photo-jus-de-poires-coing--768x746.jpg 768w, https://lesbiopaniersdemareil.org/wp-content/uploads/2019/04/Photo-jus-de-poires-coing-.jpg 1164w" sizes="(max-width: 767px) 89vw, (max-width: 1000px) 54vw, (max-width: 1071px) 543px, 580px" /></figure></li></ul>



<p> Le tuteur de ce produit est Françoise Toulemonde</p>



<p><a href="https://drive.google.com/open?id=1bp024-XVw2WHYC30WifF5dP42czneGGY" target="_blank" rel="noreferrer noopener" aria-label="Le contrat (opens in a new tab)">Le contrat</a></p>

<p>Henry Poulain produit et commercialise des jus de fruits (poire et poire/coing principalement) au sein d’une association qui se nomme « Fruits d’Avenir » et qui est localisé à Champtercier, dans les Alpes de Haute-Provence. Il exploite des vergers abandonnés de montagne : « Fruits d’Avenir vous propose ses jus de fruits naturels et locaux, &hellip; </p>
<p class="link-more"><a href="https://lesbiopaniersdemareil.org/index.php/produits/jus-de-poires-poires-coings/" class="more-link">Continue reading<span class="screen-reader-text"> &#8220;Jus de poires &#038; poires/coings&#8221;</span></a></p>
