{"id":592,"date":"2019-04-08T22:03:06","date_gmt":"2019-04-08T20:03:06","guid":{"rendered":"http:\/\/lesbiopaniersdemareil.org\/?page_id=592"},"modified":"2019-04-08T22:04:19","modified_gmt":"2019-04-08T20:04:19","slug":"le-porc","status":"publish","type":"page","link":"https:\/\/lesbiopaniersdemareil.org\/index.php\/produits\/le-porc\/","title":{"rendered":"Le Porc"},"content":{"rendered":"\n<p><strong>LE PORC BIO \u2013 EARL DU CYGNE\u00a0 <\/strong><\/p>\n\n\n\n<p><strong>Les producteurs :<\/strong><\/p>\n\n\n\n<p>Philippe et\nOdile DORCHIES<\/p>\n\n\n\n<p>602 chemin de la ronce    27330 La Vieille Lyre<\/p>\n\n\n\n<p><strong>Ann\u00e9e 2017 \u2013\nle contrat a d\u00e9marr\u00e9 en avril 2017<\/strong><\/p>\n\n\n\n<p>Entre 3 et 4 distributions par an<\/p>\n\n\n\n<p><strong>Produits\npropos\u00e9s:<\/strong><\/p>\n\n\n\n<p>Colis d\u2019environ <strong>2,5kg<\/strong> et <strong>5,5 kg <\/strong><\/p>\n\n\n\n<p>Contenu variable: r\u00f4ti, c\u00f4tes, escalopes, poitrine,\nsaucisses<\/p>\n\n\n\n<p><strong>Produits\nannexes:<\/strong><\/p>\n\n\n\n<p>P\u00e2t\u00e9s et rillettes en bocal, saucisson sec et abats<\/p>\n\n\n\n<p>Pieds, t\u00eate, cervelle, rognons, langue <\/p>\n\n\n\n<p>Pas de pr\u00e9paiement car prix du colis calcul\u00e9 en fonction du poids exacts du colis.<\/p>\n\n\n\n<ul class=\"wp-block-gallery columns-1 is-cropped\"><li class=\"blocks-gallery-item\"><figure><img loading=\"lazy\" width=\"898\" height=\"685\" src=\"http:\/\/lesbiopaniersdemareil.org\/wp-content\/uploads\/2019\/04\/le-porc.jpg\" alt=\"\" data-id=\"593\" data-link=\"http:\/\/lesbiopaniersdemareil.org\/?attachment_id=593\" class=\"wp-image-593\" srcset=\"https:\/\/lesbiopaniersdemareil.org\/wp-content\/uploads\/2019\/04\/le-porc.jpg 898w, https:\/\/lesbiopaniersdemareil.org\/wp-content\/uploads\/2019\/04\/le-porc-300x229.jpg 300w, https:\/\/lesbiopaniersdemareil.org\/wp-content\/uploads\/2019\/04\/le-porc-768x586.jpg 768w\" sizes=\"(max-width: 767px) 89vw, (max-width: 1000px) 54vw, (max-width: 1071px) 543px, 580px\" \/><\/figure><\/li><\/ul>\n\n\n\n<p>Tutrice: <a href=\"mailto: petramiot@yahoo.fr\">Petra Amiot<\/a><br><br><\/p>\n","protected":false},"excerpt":{"rendered":"<p>LE PORC BIO \u2013 EARL DU CYGNE\u00a0 Les producteurs : Philippe et Odile DORCHIES 602 chemin de la ronce 27330 La Vieille Lyre Ann\u00e9e 2017 \u2013 le contrat a d\u00e9marr\u00e9 en avril 2017 Entre 3 et 4 distributions par an Produits propos\u00e9s: Colis d\u2019environ 2,5kg et 5,5 kg Contenu variable: r\u00f4ti, c\u00f4tes, escalopes, poitrine, saucisses &hellip; <\/p>\n<p class=\"link-more\"><a href=\"https:\/\/lesbiopaniersdemareil.org\/index.php\/produits\/le-porc\/\" class=\"more-link\">Continue reading<span class=\"screen-reader-text\"> &#8220;Le Porc&#8221;<\/span><\/a><\/p>\n","protected":false},"author":1,"featured_media":594,"parent":26,"menu_order":5,"comment_status":"closed","ping_status":"closed","template":"","meta":{"spay_email":""},"jetpack_sharing_enabled":true,"jetpack_shortlink":"https:\/\/wp.me\/Pai4cU-9y","_links":{"self":[{"href":"https:\/\/lesbiopaniersdemareil.org\/index.php\/wp-json\/wp\/v2\/pages\/592"}],"collection":[{"href":"https:\/\/lesbiopaniersdemareil.org\/index.php\/wp-json\/wp\/v2\/pages"}],"about":[{"href":"https:\/\/lesbiopaniersdemareil.org\/index.php\/wp-json\/wp\/v2\/types\/page"}],"author":[{"embeddable":true,"href":"https:\/\/lesbiopaniersdemareil.org\/index.php\/wp-json\/wp\/v2\/users\/1"}],"replies":[{"embeddable":true,"href":"https:\/\/lesbiopaniersdemareil.org\/index.php\/wp-json\/wp\/v2\/comments?post=592"}],"version-history":[{"count":3,"href":"https:\/\/lesbiopaniersdemareil.org\/index.php\/wp-json\/wp\/v2\/pages\/592\/revisions"}],"predecessor-version":[{"id":600,"href":"https:\/\/lesbiopaniersdemareil.org\/index.php\/wp-json\/wp\/v2\/pages\/592\/revisions\/600"}],"up":[{"embeddable":true,"href":"https:\/\/lesbiopaniersdemareil.org\/index.php\/wp-json\/wp\/v2\/pages\/26"}],"wp:featuredmedia":[{"embeddable":true,"href":"https:\/\/lesbiopaniersdemareil.org\/index.php\/wp-json\/wp\/v2\/media\/594"}],"wp:attachment":[{"href":"https:\/\/lesbiopaniersdemareil.org\/index.php\/wp-json\/wp\/v2\/media?parent=592"}],"curies":[{"name":"wp","href":"https:\/\/api.w.org\/{rel}","templated":true}]}}

<p><strong>LE PORC BIO – EARL DU CYGNE  </strong></p>



<p><strong>Les producteurs :</strong></p>



<p>Philippe et
Odile DORCHIES</p>



<p>602 chemin de la ronce    27330 La Vieille Lyre</p>



<p><strong>Année 2017 –
le contrat a démarré en avril 2017</strong></p>



<p>Entre 3 et 4 distributions par an</p>



<p><strong>Produits
proposés:</strong></p>



<p>Colis d’environ <strong>2,5kg</strong> et <strong>5,5 kg </strong></p>



<p>Contenu variable: rôti, côtes, escalopes, poitrine,
saucisses</p>



<p><strong>Produits
annexes:</strong></p>



<p>Pâtés et rillettes en bocal, saucisson sec et abats</p>



<p>Pieds, tête, cervelle, rognons, langue </p>



<p>Pas de prépaiement car prix du colis calculé en fonction du poids exacts du colis.</p>



<ul class="wp-block-gallery columns-1 is-cropped"><li class="blocks-gallery-item"><figure><img loading="lazy" width="898" height="685" src="http://lesbiopaniersdemareil.org/wp-content/uploads/2019/04/le-porc.jpg" alt="" data-id="593" data-link="http://lesbiopaniersdemareil.org/?attachment_id=593" class="wp-image-593" srcset="https://lesbiopaniersdemareil.org/wp-content/uploads/2019/04/le-porc.jpg 898w, https://lesbiopaniersdemareil.org/wp-content/uploads/2019/04/le-porc-300x229.jpg 300w, https://lesbiopaniersdemareil.org/wp-content/uploads/2019/04/le-porc-768x586.jpg 768w" sizes="(max-width: 767px) 89vw, (max-width: 1000px) 54vw, (max-width: 1071px) 543px, 580px" /></figure></li></ul>



<p>Tutrice: <a href="mailto: petramiot@yahoo.fr">Petra Amiot</a><br><br></p>

<p>LE PORC BIO – EARL DU CYGNE  Les producteurs : Philippe et Odile DORCHIES 602 chemin de la ronce 27330 La Vieille Lyre Année 2017 – le contrat a démarré en avril 2017 Entre 3 et 4 distributions par an Produits proposés: Colis d’environ 2,5kg et 5,5 kg Contenu variable: rôti, côtes, escalopes, poitrine, saucisses &hellip; </p>
<p class="link-more"><a href="https://lesbiopaniersdemareil.org/index.php/produits/le-porc/" class="more-link">Continue reading<span class="screen-reader-text"> &#8220;Le Porc&#8221;</span></a></p>
