{"id":46,"date":"2018-03-12T08:49:31","date_gmt":"2018-03-12T08:49:31","guid":{"rendered":"http:\/\/lesbiopaniersdemareil.org\/?page_id=46"},"modified":"2020-02-20T10:58:31","modified_gmt":"2020-02-20T09:58:31","slug":"les-legumes-toutes-les-semaines","status":"publish","type":"page","link":"https:\/\/lesbiopaniersdemareil.org\/index.php\/produits\/les-legumes-toutes-les-semaines\/","title":{"rendered":"Les l\u00e9gumes (toutes les semaines)"},"content":{"rendered":"<p>Nos mara\u00eechers bio, Annick Briand et Thibault Champlin, de l&#8217;exploitation agricole T<em>erre Ferme<\/em>,\u00a0 viennent toutes les semaines (sauf 7 semaines pr\u00e9d\u00e9finies dans l&#8217;ann\u00e9e) de Lingreville, au nord de Granville, dans La Manche, pour livrer des l\u00e9gumes de saison.<\/p>\n<p>Cela fait plus de 5 ans qu&#8217;ils nous livrent leurs excellents l\u00e9gumes, cultiv\u00e9s exclusivement en bio, sous serres ou en plein champs. Ils nous ont fait d\u00e9couvrir plein de vari\u00e9t\u00e9s de l\u00e9gumes assez m\u00e9connus il y a quelques ann\u00e9es.<\/p>\n<p>En 2019,\u00a0 44 paniers de l\u00e9gumes par an avec une pause de quelques semaines r\u00e9parties sur l&#8217;ann\u00e9e (cong\u00e9s de Noel, au printemps et l&#8217;\u00e9t\u00e9).<\/p>\n<p>En 2016, nos producteurs ont lanc\u00e9 un projet de groupement financier agricole pour soutenir la culture mara\u00eech\u00e8re bio avec 2 autres couples mara\u00eechers de Lingreville,<\/p>\n<p>Leur nouvelle entit\u00e9 s&#8217;appelle <em>La P&#8217;tite Coop (<a href=\"http:\/\/laptitecoop.fr\/\"> http:\/\/laptitecoop.fr\/<\/a> ).<\/em><\/p>\n<p>D\u00e9couvrez sur cette vid\u00e9o, les raisons profondes de la cr\u00e9ation de Terre Ferme, avec l&#8217;interview d&#8217;Annick Briand :\u00a0 \u00a0<a href=\"https:\/\/youtu.be\/NGbauAlIfag\">https:\/\/youtu.be\/NGbauAlIfag<\/a><\/p>\n<p class=\"paragraph_style_1\">Eric Delaneau<\/p>\n<p>R\u00e9f\u00e9rent Producteurs L\u00e9gumes<\/p>\n<p>(06 85 06 18 49 &#8211; edelaneau@orange.fr)<\/p>\n<p><a href=\"https:\/\/drive.google.com\/open?id=1GU8PfBUbYF110Glz5_NsfByEDhD2N4YL\">Le contrat 2019 2020<\/a><\/p>\n","protected":false},"excerpt":{"rendered":"<p>Nos mara\u00eechers bio, Annick Briand et Thibault Champlin, de l&#8217;exploitation agricole Terre Ferme,\u00a0 viennent toutes les semaines (sauf 7 semaines pr\u00e9d\u00e9finies dans l&#8217;ann\u00e9e) de Lingreville, au nord de Granville, dans La Manche, pour livrer des l\u00e9gumes de saison. Cela fait plus de 5 ans qu&#8217;ils nous livrent leurs excellents l\u00e9gumes, cultiv\u00e9s exclusivement en bio, sous &hellip; <\/p>\n<p class=\"link-more\"><a href=\"https:\/\/lesbiopaniersdemareil.org\/index.php\/produits\/les-legumes-toutes-les-semaines\/\" class=\"more-link\">Continue reading<span class=\"screen-reader-text\"> &#8220;Les l\u00e9gumes (toutes les semaines)&#8221;<\/span><\/a><\/p>\n","protected":false},"author":1,"featured_media":48,"parent":26,"menu_order":1,"comment_status":"closed","ping_status":"closed","template":"","meta":{"spay_email":""},"jetpack_sharing_enabled":true,"jetpack_shortlink":"https:\/\/wp.me\/Pai4cU-K","_links":{"self":[{"href":"https:\/\/lesbiopaniersdemareil.org\/index.php\/wp-json\/wp\/v2\/pages\/46"}],"collection":[{"href":"https:\/\/lesbiopaniersdemareil.org\/index.php\/wp-json\/wp\/v2\/pages"}],"about":[{"href":"https:\/\/lesbiopaniersdemareil.org\/index.php\/wp-json\/wp\/v2\/types\/page"}],"author":[{"embeddable":true,"href":"https:\/\/lesbiopaniersdemareil.org\/index.php\/wp-json\/wp\/v2\/users\/1"}],"replies":[{"embeddable":true,"href":"https:\/\/lesbiopaniersdemareil.org\/index.php\/wp-json\/wp\/v2\/comments?post=46"}],"version-history":[{"count":7,"href":"https:\/\/lesbiopaniersdemareil.org\/index.php\/wp-json\/wp\/v2\/pages\/46\/revisions"}],"predecessor-version":[{"id":1505,"href":"https:\/\/lesbiopaniersdemareil.org\/index.php\/wp-json\/wp\/v2\/pages\/46\/revisions\/1505"}],"up":[{"embeddable":true,"href":"https:\/\/lesbiopaniersdemareil.org\/index.php\/wp-json\/wp\/v2\/pages\/26"}],"wp:featuredmedia":[{"embeddable":true,"href":"https:\/\/lesbiopaniersdemareil.org\/index.php\/wp-json\/wp\/v2\/media\/48"}],"wp:attachment":[{"href":"https:\/\/lesbiopaniersdemareil.org\/index.php\/wp-json\/wp\/v2\/media?parent=46"}],"curies":[{"name":"wp","href":"https:\/\/api.w.org\/{rel}","templated":true}]}}

Les légumes (toutes les semaines)

<p>Nos maraîchers bio, Annick Briand et Thibault Champlin, de l&#8217;exploitation agricole T<em>erre Ferme</em>,  viennent toutes les semaines (sauf 7 semaines prédéfinies dans l&#8217;année) de Lingreville, au nord de Granville, dans La Manche, pour livrer des légumes de saison.</p>
<p>Cela fait plus de 5 ans qu&#8217;ils nous livrent leurs excellents légumes, cultivés exclusivement en bio, sous serres ou en plein champs. Ils nous ont fait découvrir plein de variétés de légumes assez méconnus il y a quelques années.</p>
<p>En 2019,  44 paniers de légumes par an avec une pause de quelques semaines réparties sur l&#8217;année (congés de Noel, au printemps et l&#8217;été).</p>
<p>En 2016, nos producteurs ont lancé un projet de groupement financier agricole pour soutenir la culture maraîchère bio avec 2 autres couples maraîchers de Lingreville,</p>
<p>Leur nouvelle entité s&#8217;appelle <em>La P&#8217;tite Coop (<a href="http://laptitecoop.fr/"> http://laptitecoop.fr/</a> ).</em></p>
<p>Découvrez sur cette vidéo, les raisons profondes de la création de Terre Ferme, avec l&#8217;interview d&#8217;Annick Briand :   <a href="https://youtu.be/NGbauAlIfag">https://youtu.be/NGbauAlIfag</a></p>
<p class="paragraph_style_1">Eric Delaneau</p>
<p>Référent Producteurs Légumes</p>
<p>(06 85 06 18 49 &#8211; edelaneau@orange.fr)</p>
<p><a href="https://drive.google.com/open?id=1GU8PfBUbYF110Glz5_NsfByEDhD2N4YL">Le contrat 2019 2020</a></p>

<p>Nos maraîchers bio, Annick Briand et Thibault Champlin, de l&#8217;exploitation agricole Terre Ferme,  viennent toutes les semaines (sauf 7 semaines prédéfinies dans l&#8217;année) de Lingreville, au nord de Granville, dans La Manche, pour livrer des légumes de saison. Cela fait plus de 5 ans qu&#8217;ils nous livrent leurs excellents légumes, cultivés exclusivement en bio, sous &hellip; </p>
<p class="link-more"><a href="https://lesbiopaniersdemareil.org/index.php/produits/les-legumes-toutes-les-semaines/" class="more-link">Continue reading<span class="screen-reader-text"> &#8220;Les légumes (toutes les semaines)&#8221;</span></a></p>
