{"id":233,"date":"2018-05-04T07:44:42","date_gmt":"2018-05-04T07:44:42","guid":{"rendered":"http:\/\/lesbiopaniersdemareil.org\/index.php\/calendar\/"},"modified":"2018-09-21T09:03:08","modified_gmt":"2018-09-21T07:03:08","slug":"calendar","status":"publish","type":"page","link":"https:\/\/lesbiopaniersdemareil.org\/index.php\/calendar\/","title":{"rendered":"Calendrier"},"content":{"rendered":"<p>Ci dessous les \u00e9v\u00e8nements \u00e0 suivre concernant la vie de l&#8217;AMAP et plus g\u00e9n\u00e9ralement les \u00e9v\u00e8nements s&#8217;inscrivant dans une optique de d\u00e9veloppement durable et d&#8217;une \u00e9conomie\/vie plus solidaire. N&#8217;h\u00e9sitez pas \u00e0 nous faire parvenir vos propositions d&#8217;ajouts.<\/p>\n<p>le staff<\/p>\n","protected":false},"excerpt":{"rendered":"<p>Ci dessous les \u00e9v\u00e8nements \u00e0 suivre concernant la vie de l&#8217;AMAP et plus g\u00e9n\u00e9ralement les \u00e9v\u00e8nements s&#8217;inscrivant dans une optique de d\u00e9veloppement durable et d&#8217;une \u00e9conomie\/vie plus solidaire. N&#8217;h\u00e9sitez pas \u00e0 nous faire parvenir vos propositions d&#8217;ajouts. le staff<\/p>\n","protected":false},"author":1,"featured_media":0,"parent":0,"menu_order":0,"comment_status":"closed","ping_status":"closed","template":"","meta":{"spay_email":""},"jetpack_sharing_enabled":true,"jetpack_shortlink":"https:\/\/wp.me\/Pai4cU-3L","_links":{"self":[{"href":"https:\/\/lesbiopaniersdemareil.org\/index.php\/wp-json\/wp\/v2\/pages\/233"}],"collection":[{"href":"https:\/\/lesbiopaniersdemareil.org\/index.php\/wp-json\/wp\/v2\/pages"}],"about":[{"href":"https:\/\/lesbiopaniersdemareil.org\/index.php\/wp-json\/wp\/v2\/types\/page"}],"author":[{"embeddable":true,"href":"https:\/\/lesbiopaniersdemareil.org\/index.php\/wp-json\/wp\/v2\/users\/1"}],"replies":[{"embeddable":true,"href":"https:\/\/lesbiopaniersdemareil.org\/index.php\/wp-json\/wp\/v2\/comments?post=233"}],"version-history":[{"count":4,"href":"https:\/\/lesbiopaniersdemareil.org\/index.php\/wp-json\/wp\/v2\/pages\/233\/revisions"}],"predecessor-version":[{"id":1330,"href":"https:\/\/lesbiopaniersdemareil.org\/index.php\/wp-json\/wp\/v2\/pages\/233\/revisions\/1330"}],"wp:attachment":[{"href":"https:\/\/lesbiopaniersdemareil.org\/index.php\/wp-json\/wp\/v2\/media?parent=233"}],"curies":[{"name":"wp","href":"https:\/\/api.w.org\/{rel}","templated":true}]}}