{"id":1367,"date":"2020-10-06T09:19:37","date_gmt":"2020-10-06T07:19:37","guid":{"rendered":"http:\/\/lesbiopaniersdemareil.org\/?page_id=1367"},"modified":"2020-10-06T11:26:19","modified_gmt":"2020-10-06T09:26:19","slug":"demande-dadhesion-a-lamap-les-bio-paniers-de-mareil","status":"publish","type":"page","link":"https:\/\/lesbiopaniersdemareil.org\/index.php\/demande-dadhesion-a-lamap-les-bio-paniers-de-mareil\/","title":{"rendered":"Demande d&#8217;adh\u00e9sion \u00e0 l&#8217;AMAP les BIO PANIERS DE MAREIL"},"content":{"rendered":"\n<p>Vous avez  2 types d&#8217;adh\u00e9sion : premier panier (21\u20acTTC\/an) vous donnant acc\u00e8s au panier mara\u00eechage et \u00e0 l&#8217;ensemble des contrats, deuxi\u00e8me panier (16\u20acTTC\/an) vous donnant acc\u00e8s aux contrats hors mara\u00eechage. L&#8217;adh\u00e9sion se fait sous r\u00e9serve de disponibilit\u00e9 et donc d&#8217;acceptation par le bureau. A noter vous pouvez adh\u00e9rer au deuxi\u00e8me panier dans l&#8217;attente qu&#8217;un premier panier se lib\u00e8re, vous serez alors prioritaire par rapport aux autres demandes.<\/p>\n\n\n<p>[ninja_form id=2]<\/p>\n\n\n\n<p><\/p>\n","protected":false},"excerpt":{"rendered":"<p>Vous avez 2 types d&#8217;adh\u00e9sion : premier panier (21\u20acTTC\/an) vous donnant acc\u00e8s au panier mara\u00eechage et \u00e0 l&#8217;ensemble des contrats, deuxi\u00e8me panier (16\u20acTTC\/an) vous donnant acc\u00e8s aux contrats hors mara\u00eechage. L&#8217;adh\u00e9sion se fait sous r\u00e9serve de disponibilit\u00e9 et donc d&#8217;acceptation par le bureau. A noter vous pouvez adh\u00e9rer au deuxi\u00e8me panier dans l&#8217;attente qu&#8217;un premier &hellip; <\/p>\n<p class=\"link-more\"><a href=\"https:\/\/lesbiopaniersdemareil.org\/index.php\/demande-dadhesion-a-lamap-les-bio-paniers-de-mareil\/\" class=\"more-link\">Continue reading<span class=\"screen-reader-text\"> &#8220;Demande d&#8217;adh\u00e9sion \u00e0 l&#8217;AMAP les BIO PANIERS DE MAREIL&#8221;<\/span><\/a><\/p>\n","protected":false},"author":1,"featured_media":0,"parent":0,"menu_order":0,"comment_status":"closed","ping_status":"closed","template":"","meta":{"spay_email":""},"jetpack_sharing_enabled":true,"jetpack_shortlink":"https:\/\/wp.me\/Pai4cU-m3","_links":{"self":[{"href":"https:\/\/lesbiopaniersdemareil.org\/index.php\/wp-json\/wp\/v2\/pages\/1367"}],"collection":[{"href":"https:\/\/lesbiopaniersdemareil.org\/index.php\/wp-json\/wp\/v2\/pages"}],"about":[{"href":"https:\/\/lesbiopaniersdemareil.org\/index.php\/wp-json\/wp\/v2\/types\/page"}],"author":[{"embeddable":true,"href":"https:\/\/lesbiopaniersdemareil.org\/index.php\/wp-json\/wp\/v2\/users\/1"}],"replies":[{"embeddable":true,"href":"https:\/\/lesbiopaniersdemareil.org\/index.php\/wp-json\/wp\/v2\/comments?post=1367"}],"version-history":[{"count":5,"href":"https:\/\/lesbiopaniersdemareil.org\/index.php\/wp-json\/wp\/v2\/pages\/1367\/revisions"}],"predecessor-version":[{"id":1376,"href":"https:\/\/lesbiopaniersdemareil.org\/index.php\/wp-json\/wp\/v2\/pages\/1367\/revisions\/1376"}],"wp:attachment":[{"href":"https:\/\/lesbiopaniersdemareil.org\/index.php\/wp-json\/wp\/v2\/media?parent=1367"}],"curies":[{"name":"wp","href":"https:\/\/api.w.org\/{rel}","templated":true}]}}